. Suppose -2*o + f = -29, -6 = 2*f + n. List the prime factors of o.
2, 3
Let f(m) = -3*m + 8. List the prime factors of f(-5).
23
Let v be (-1 - 0)/((-1)/3). Let i be 2 + 1/3*0. Suppose 10 = i*t + v*t. What are the prime factors of t?
2
Let b = 101 + -71. What are the prime factors of b?
2, 3, 5
Let r(q) be the first derivative of -q**4/4 + q**2 + 3*q - 1. Let z be r(-3). Suppose -z = -4*o - d, 3*o + 8*d = 3*d + 1. What are the prime factors of o?
7
Let c(t) = t. Let z(w) = 4*w - 2. Let m(a) = -a**3 + 9*a**2 + 9*a + 5. Let s be m(10). Let o(f) = s*c(f) + z(f). List the prime factors of o(-6).
2
Suppose -3*a = -6*a + 15. Suppose 98 = 3*c - k, 4*k = a*c - 114 - 61. What are the prime factors of c?
31
Let j be 24/10 + (-8)/20. Let d(t) = -3*t**2 + 1 + 3*t**2 - t + 1 + t**j. List the prime factors of d(0).
2
Suppose -5*z = -6*z + 4. List the prime factors of z/(-14) + (-3730)/(-70).
53
What are the prime factors of -1 - (-89 - 2)*1?
2, 3, 5
Suppose t - 4*t - 14 = -5*c, -10 = 3*t - 4*c. Suppose t*j - 3 - 3 = 0. Suppose j*h + 16 = 46. List the prime factors of h.
2, 5
Let q(g) = -2*g**2 + g + 1. Let t be q(4). Let d = -16 - t. List the prime factors of d.
11
Suppose 2*m - 2 = -0, -59 = -k - 5*m. What are the prime factors of k?
2, 3
Let z be (-1 - 2)/(3/(-2)). Let d(o) = 0 + 2 + 4 + z - o. List the prime factors of d(-10).
2, 3
Suppose -4*t + 206 = -70. List the prime factors of t.
3, 23
Let d(m) = -m**3 + 5*m**2 + 3*m - 3. Suppose -16 = -4*i - 0*i, 0 = -4*p - 2*i + 28. List the prime factors of d(p).
2, 3
Let y(x) = -x + 17. Let p be y(15). What are the prime factors of 5 - ((-2)/1)/p?
2, 3
Let g = 11 - 39. List the prime factors of ((-12)/(-8))/((-3)/g).
2, 7
Let o(b) = -5*b**2 + 4 + 2*b**2 - b**2 - b**3 + 9*b. List the prime factors of o(-6).
2, 11
What are the prime factors of -1 + 61 + (4 - 8)?
2, 7
Let n(y) = 6*y**2 - 5*y + 5. What are the prime factors of n(2)?
19
Suppose -k + 3 = -0*k. What are the prime factors of k?
3
Suppose 1906 - 790 = 4*k. What are the prime factors of k?
3, 31
Suppose -3*o + 2*z = -13, 0 = -5*o - z - z + 11. Let s be 0/(-4*o/(-6)). Suppose -5*g + t = -t - 61, -5*g - 4*t + 43 = s. What are the prime factors of g?
11
Let j(p) = p**3 - 13*p**2 - p + 18. Let z be j(13). Suppose -34 = -z*k + 36. What are the prime factors of k?
2, 7
Let r(a) = a + 10. Let o be r(-7). Suppose -5*p = -15, 0 = 5*q - o*p + p - 69. What are the prime factors of q?
3, 5
Suppose 4 = -v + 20. What are the prime factors of v?
2
Let b = -6 + 3. Let c(w) = w + 5. Let t be c(b). Suppose 1 = -t*z + 17. List the prime factors of z.
2
Suppose -119*n = -117*n - 178. List the prime factors of n.
89
Let h(y) = y + 3. Let c be h(0). Suppose 0 = -3*i - i - c*x + 31, 2*i - 12 = 2*x. List the prime factors of i.
7
Suppose -2*r = -3*r - 1. List the prime factors of (72/6)/(2 + r).
2, 3
Suppose -5 = -4*p + 175. What are the prime factors of p?
3, 5
Let h = 1 + 6. Let y = -4 + h. What are the prime factors of (-3 - y/5)*-5?
2, 3
Let h(s) = -s**2 - 12*s + 4. Let k be h(-12). Let o(n) = n - 3. Let d be o(5). Suppose i - k = d*p, i - 7 = -0*i - p. List the prime factors of i.
2, 3
What are the prime factors of 42/(-21) + (6 - 1)?
3
Let n be -6*(-5 + (-4 - -2)). Let a = n + -13. Let f = a - 18. What are the prime factors of f?
11
Let u(w) = -w**3 - 2*w**2 + 3*w - 2. Suppose -3*f + 2*d = 6*d, -d - 19 = -4*f. Suppose 8*h = f*h + 5*z - 41, 2*z = 10. List the prime factors of u(h).
2, 3
Suppose 18 - 210 = -4*k. List the prime factors of k.
2, 3
Let p = 0 - -3. Suppose 0 = -0*n - n + 2, 2*n + 8 = p*s. What are the prime factors of s?
2
Suppose -2*h = -4*m - h - 22, -3*m + 2*h = 19. Let i = -3 - m. What are the prime factors of (-6 + i)/(1/(-4))?
2
Let k = 11 + -7. Suppose v = -m + 22, k*v + 75 + 53 = 5*m. What are the prime factors of m?
2, 3
Let j be 4/10*(-4 + -1). List the prime factors of j/(-4)*-6 - -12.
3
Let n(w) = -w**3 - 3*w**2 + 2*w - 5. Let t be n(-4). Suppose 31 + 2 = t*u. List the prime factors of u.
11
Suppose 4*v - 4*b - 13 - 51 = 0, 63 = 4*v - 3*b. List the prime factors of v.
3, 5
Let a(h) = -h**3 - 3*h**2 + 2*h + 6. Let f(l) = 2*l**3 + 6*l**2 - 4*l - 13. Let y = 5 + -8. Let r(g) = y*f(g) - 7*a(g). What are the prime factors of r(-3)?
3
Suppose 117 = -5*d + 312. Let h = 55 - d. List the prime factors of h.
2
Suppose -6*b + 428 = -2*b. List the prime factors of b.
107
Suppose -2*h = -5*h - 411. Let o = -97 - h. Suppose -10 + o = 5*k. What are the prime factors of k?
2, 3
Let n = 8 - 6. Suppose 34 = n*c - 16. List the prime factors of c.
5
Let s(g) be the second derivative of -g**5/20 + g**4/4 + g**3 - 3*g**2/2 + 2*g. Let v = 17 + -13. List the prime factors of s(v).
5
Let o = -31 + 56. What are the prime factors of o?
5
List the prime factors of 0 + 1 + -2 - -42.
41
Suppose 3*j + 2*k + 142 = 5*j, -j + 4*k = -68. What are the prime factors of j?
2, 3
Let y(r) = -r + 11. Let n be y(9). Suppose 0*i = -n*i + 28. List the prime factors of i.
2, 7
Suppose -4*r + 3*r - 5 = 0. Let y(p) = p**2 + 5*p + 5. Let t be y(r). Let n = 8 - t. What are the prime factors of n?
3
Suppose -4*w = -0*d + 4*d - 244, -d + 2*w + 70 = 0. List the prime factors of d.
2
Let y(g) = -19*g - 6. List the prime factors of y(-3).
3, 17
Suppose -5 = -c + 6. Let t = c + -6. List the prime factors of t.
5
Let v(g) = -g**3 + 3*g**2 - g + 3. Let d be v(3). Suppose 4*q + d*q + 2*w - 38 = 0, -2*q = 2*w - 18. What are the prime factors of q?
2, 5
Suppose 3*z = -1 + 7. Suppose 4*k - k = -z*i + 17, 2*k - 3*i = 33. What are the prime factors of k?
3
Suppose -2*g + 42 = -5*g - 2*m, -4*m = 12. Suppose -3*q - 12 = 3*u, -4*q - u + 2 = 27. Let b = q - g. List the prime factors of b.
5
Let l(c) = c**2 - 6*c + 5. Let p be l(5). Suppose 1 = -k - p. List the prime factors of (-13)/k - (-2)/(-1).
11
Let i(z) = -z - 6. Let a be i(-3). Let h be 2*3/(-6)*a. Suppose 5 = h*s - 1. List the prime factors of s.
2
Suppose -10 = -3*j + 2. Let a be (1 - -1)*14/j. What are the prime factors of (a*(-2 - -1))/(-1)?
7
Suppose -j - 684 = 2*j. Let f be 3 + -4 + 0 + -17. What are the prime factors of 4/(-6) + j/f?
2, 3
Let l = -19 + 22. Let p(x) = x**2 - x - 2. What are the prime factors of p(l)?
2
Let v(l) = -4 - 11*l**3 + 0 + 0 + 5. List the prime factors of v(-1).
2, 3
Suppose 5*v + w + 0*w = 10, 4*v - 3*w = 27. List the prime factors of v.
3
Suppose -560 = -5*v + 5*y, -315 + 910 = 5*v + 2*y. What are the prime factors of v?
3, 13
Let u(x) = -2*x**3 + 1. Let v be u(-1). Suppose -5*p + 2*p + 3*d = -201, -5*p - v*d = -359. Suppose 0*s + 5*s = p. List the prime factors of s.
2, 7
Suppose 2*d + 2*d = 68. What are the prime factors of d?
17
Suppose -c - 1 = -9. Let s(v) = -v - 3. Let f be s(c). Let m = f + 21. List the prime factors of m.
2, 5
Let y(j) = 2*j**2 + 5*j - 2. Let q be y(3). Let l = -16 + -1. Let x = q + l. What are the prime factors of x?
2, 7
Let x be (-250)/(-15) + (-4)/6. Suppose -187 = -3*n - x. What are the prime factors of n?
3, 19
Suppose -f = 4*f - 165. List the prime factors of f.
3, 11
Let b(m) = m + 3. Let c(x) = -x - 2. Let p(s) = -4*b(s) - 7*c(s). Let i be p(-2). Let q = i + 8. What are the prime factors of q?
2
Let h = 22 + 0. Suppose -4 = x - h. List the prime factors of x.
2, 3
Let r(z) = 3 + 4*z + 0 - 3*z. Let y be r(-6). List the prime factors of (21 - 2) + 2 + y.
2, 3
Let l be 7 + 0*3/6. Suppose -4*i = -3*i - l. Suppose 2*u - i = 25. What are the prime factors of u?
2
Let d = -22 + 5. Let k = 13 + -25. Let a = k - d. List the prime factors of a.
5
Let d = -13 + 7. Let p = d + 10. Suppose 26 = p*f + 10. What are the prime factors of f?
2
Let z(y) = 6*y**3 + y**2 - y - 1. Let w be z(-1). Let h(s) = -s - 8. Let j(u) = -5*u - 33. Let b(i) = -9*h(i) + 2*j(i). List the prime factors of b(w).
11
Let w = 1 - 0. Let h be -1 + w - -1 - 1. List the prime factors of -8*(3/(-6) + h).
2
Let c(u) = u**3 + 5*u**2 + 5. Let y be c(-5). Let g = 34 + y. List the prime factors of g.
3, 13
Let z = 81 + -41. What are the prime factors of z?
2, 5
Let b(c) = c + 19. Let u be b(0). Let m = u + -13. List the prime factors of m.
2, 3
Suppose -7*j = -9*j + 196. What are the prime factors of j?
2, 7
Let g(v) = v**2 - 2*v - 2. Let f be (2 - -2)*9/12. Suppose 2 + 3 = -2*z - q, -5*z + f*q - 18 = 0. List the prime factors of g(z